{"id":11733,"date":"2025-07-22T20:50:59","date_gmt":"2025-07-22T18:50:59","guid":{"rendered":"https:\/\/lescreatifs.ma\/proxynsnew\/?post_type=product&#038;p=11733"},"modified":"2025-07-22T22:35:46","modified_gmt":"2025-07-22T20:35:46","slug":"dessiccateur-ma-50-x7-ic-a","status":"publish","type":"product","link":"https:\/\/lescreatifs.ma\/proxynsnew\/product\/dessiccateur-ma-50-x7-ic-a\/","title":{"rendered":"Dessiccateur MA 50.X7.IC.A"},"content":{"rendered":"\t\t<div data-elementor-type=\"wp-post\" data-elementor-id=\"11733\" class=\"elementor elementor-11733\">\n\t\t\t\t<div class=\"elementor-element elementor-element-bc670d5 e-flex e-con-boxed e-con e-parent\" data-id=\"bc670d5\" data-element_type=\"container\">\n\t\t\t\t\t<div class=\"e-con-inner\">\n\t\t<div class=\"elementor-element elementor-element-3e4a717 e-con-full e-flex e-con e-child\" data-id=\"3e4a717\" data-element_type=\"container\">\n\t\t<div class=\"elementor-element elementor-element-4c3fb71 e-con-full e-flex e-con e-child\" data-id=\"4c3fb71\" data-element_type=\"container\">\n\t\t<div class=\"elementor-element elementor-element-52a039c e-con-full e-flex e-con e-child\" data-id=\"52a039c\" data-element_type=\"container\">\n\t\t\t\t<div class=\"elementor-element elementor-element-c3fad7b elementor-widget__width-initial elementor-widget elementor-widget-video\" data-id=\"c3fad7b\" data-element_type=\"widget\" data-settings=\"{&quot;video_type&quot;:&quot;vimeo&quot;,&quot;autoplay&quot;:&quot;yes&quot;}\" data-widget_type=\"video.default\">\n\t\t\t\t<div class=\"elementor-widget-container\">\n\t\t\t\t\t\t\t<div class=\"elementor-wrapper elementor-open-inline\">\n\t\t\t<iframe class=\"elementor-video-iframe\" allowfullscreen allow=\"autoplay\" title=\"Lecteur vid\u00e9o vimeo\" src=\"https:\/\/player.vimeo.com\/video\/946089224?autoplay=1&amp;color&amp;autopause=0&amp;loop=0&amp;muted=0&amp;title=1&amp;portrait=1&amp;byline=1#t=\"><\/iframe>\t\t<\/div>\n\t\t\t\t\t\t<\/div>\n\t\t\t\t<\/div>\n\t\t\t\t<\/div>\n\t\t\t\t<\/div>\n\t\t\t\t<\/div>\n\t\t\t\t\t<\/div>\n\t\t\t\t<\/div>\n\t\t<div class=\"elementor-element elementor-element-a2ca9f7 e-flex e-con-boxed e-con e-parent\" data-id=\"a2ca9f7\" data-element_type=\"container\">\n\t\t\t\t\t<div class=\"e-con-inner\">\n\t\t<div class=\"elementor-element elementor-element-a8a01ba e-con-full e-flex e-con e-child\" data-id=\"a8a01ba\" data-element_type=\"container\">\n\t\t\t\t<div class=\"elementor-element elementor-element-23608c5 elementor-widget elementor-widget-image\" data-id=\"23608c5\" data-element_type=\"widget\" data-widget_type=\"image.default\">\n\t\t\t\t<div class=\"elementor-widget-container\">\n\t\t\t\t\t\t\t\t\t\t\t\t\t\t\t<img fetchpriority=\"high\" decoding=\"async\" width=\"700\" height=\"408\" src=\"https:\/\/lescreatifs.ma\/proxynsnew\/wp-content\/uploads\/2025\/07\/max7_panel.png\" class=\"attachment-full size-full wp-image-11738\" alt=\"\" srcset=\"https:\/\/lescreatifs.ma\/proxynsnew\/wp-content\/uploads\/2025\/07\/max7_panel.png 700w, https:\/\/lescreatifs.ma\/proxynsnew\/wp-content\/uploads\/2025\/07\/max7_panel-300x175.png 300w\" sizes=\"(max-width: 700px) 100vw, 700px\" \/>\t\t\t\t\t\t\t\t\t\t\t\t\t\t\t<\/div>\n\t\t\t\t<\/div>\n\t\t\t\t<\/div>\n\t\t<div class=\"elementor-element elementor-element-c6c41a9 e-con-full e-flex e-con e-child\" data-id=\"c6c41a9\" data-element_type=\"container\">\n\t\t\t\t<div class=\"elementor-element elementor-element-ada2689 elementor-widget elementor-widget-text-editor\" data-id=\"ada2689\" data-element_type=\"widget\" data-widget_type=\"text-editor.default\">\n\t\t\t\t<div class=\"elementor-widget-container\">\n\t\t\t\t\t\t\t\t\t<h2 class=\"tytul_h2_100_NO\" data-style=\"font-size: 28px; color: color: #333 width: 100%; text-align: left;\">Les points forts du\u00a0dessiccateur MA\u00a0X7.IC.A:<\/h2><div class=\"kontener_opisu_NO\" data-style=\"width:100%;display:flex;align-items:center;justify-content:center;\"><div class=\"opis_do_lewej_NO\" data-style=\"width:100%;text-align:left\"><ul><li>\u00e9cran tactile de\u00a0capacit\u00e9 en\u00a0couleurs 7&#8243;<\/li><li>interface moderne<\/li><li>desservice facile et\u00a0intuitive<\/li><li>\u00e9l\u00e9ments de\u00a0l&#8217;afficheur programmables librement<\/li><li>ajustage interne (automatique)\u00a0<\/li><li>profils de\u00a0s\u00e9chage (standardis\u00e9, doux, par \u00e9tapes, rapide)<\/li><li>fin du\u00a0processus de\u00a0s\u00e9chage (mode automatique, temporaire, manuel)<\/li><li>impressions-rapports BPL\/GMP<\/li><li>applications standardis\u00e9es et\u00a0non standardis\u00e9es<\/li><li>optimisation du\u00a0travail gr\u00e2ce aux lampes halog\u00e8nes<\/li><\/ul><\/div><\/div>\t\t\t\t\t\t\t\t<\/div>\n\t\t\t\t<\/div>\n\t\t\t\t<\/div>\n\t\t<div class=\"elementor-element elementor-element-7d2d2a2 e-con-full e-flex e-con e-child\" data-id=\"7d2d2a2\" data-element_type=\"container\">\n\t\t\t\t<div class=\"elementor-element elementor-element-0a5e97b elementor-widget elementor-widget-text-editor\" data-id=\"0a5e97b\" data-element_type=\"widget\" data-widget_type=\"text-editor.default\">\n\t\t\t\t<div class=\"elementor-widget-container\">\n\t\t\t\t\t\t\t\t\t<h2 class=\"tytul_h2_100_NO\" data-style=\"font-size:28px;color: #333;width:100%;\">Charge et\u00a0temp\u00e9rature<\/h2><div class=\"kontener_opisu_NO\" data-style=\"width:100%;display:flex;align-items:center;justify-content:center;\"><div class=\"opis_do_lewej_NO\" data-style=\"width: 100%; text-align: left;\"><div>La\u00a0<strong>capacit\u00e9 maximale<\/strong>\u00a0du\u00a0dessiccateur est de\u00a0<strong>50 g\/ 0,1 mg\u00a0\u00e0 210 g\/ 1 mg<\/strong>. La\u00a0mesure de\u00a0l&#8217;humidit\u00e9 se\u00a0d\u00e9roule avec la\u00a0pr\u00e9cision de\u00a0<strong>0,01%<\/strong>\u00a0(0,001% pour les \u00e9chantillons qui p\u00e8sent plus que 1,5 g).\u00a0<strong>La temp\u00e9rature maximale de\u00a0s\u00e9chage est 160\u00b0C<\/strong>. Le\u00a0moisture analyseur avec la\u00a0temp\u00e9rature maximale de\u00a0s\u00e9chage 250\u00b0C est en\u00a0option.<br \/><br \/>Le\u00a0kit pour l&#8217;analyse de\u00a0la perm\u00e9abilit\u00e9 de\u00a0la vapeur d&#8217;eau est un\u00a0\u00e9l\u00e9ment suppl\u00e9mentaire qui augmente la\u00a0fonctionnalit\u00e9 des dessiccateurs. Le\u00a0kit peut \u00eatre appliqu\u00e9 entre autres \u00e0 l&#8217;industrie du\u00a0tannage pour d\u00e9terminer les propri\u00e9t\u00e9s hygi\u00e9niques de\u00a0la peau.<\/div><\/div><\/div>\t\t\t\t\t\t\t\t<\/div>\n\t\t\t\t<\/div>\n\t\t\t\t<\/div>\n\t\t<div class=\"elementor-element elementor-element-26a44ca e-con-full e-flex e-con e-child\" data-id=\"26a44ca\" data-element_type=\"container\">\n\t\t\t\t<div class=\"elementor-element elementor-element-e7dc2b9 elementor-widget elementor-widget-image\" data-id=\"e7dc2b9\" data-element_type=\"widget\" data-widget_type=\"image.default\">\n\t\t\t\t<div class=\"elementor-widget-container\">\n\t\t\t\t\t\t\t\t\t\t\t\t\t\t\t<img decoding=\"async\" width=\"600\" height=\"470\" src=\"https:\/\/lescreatifs.ma\/proxynsnew\/wp-content\/uploads\/2025\/07\/grzalki_x7.png\" class=\"attachment-large size-large wp-image-11739\" alt=\"\" srcset=\"https:\/\/lescreatifs.ma\/proxynsnew\/wp-content\/uploads\/2025\/07\/grzalki_x7.png 600w, https:\/\/lescreatifs.ma\/proxynsnew\/wp-content\/uploads\/2025\/07\/grzalki_x7-300x235.png 300w\" sizes=\"(max-width: 600px) 100vw, 600px\" \/>\t\t\t\t\t\t\t\t\t\t\t\t\t\t\t<\/div>\n\t\t\t\t<\/div>\n\t\t\t\t<\/div>\n\t\t\t\t\t<\/div>\n\t\t\t\t<\/div>\n\t\t<div class=\"elementor-element elementor-element-20199ab e-flex e-con-boxed e-con e-parent\" data-id=\"20199ab\" data-element_type=\"container\">\n\t\t\t\t\t<div class=\"e-con-inner\">\n\t\t<div class=\"elementor-element elementor-element-e02e70b e-con-full e-flex e-con e-child\" data-id=\"e02e70b\" data-element_type=\"container\">\n\t\t\t\t<div class=\"elementor-element elementor-element-2d7b77d elementor-widget elementor-widget-image\" data-id=\"2d7b77d\" data-element_type=\"widget\" data-widget_type=\"image.default\">\n\t\t\t\t<div class=\"elementor-widget-container\">\n\t\t\t\t\t\t\t\t\t\t\t\t\t\t\t<img decoding=\"async\" width=\"402\" height=\"319\" src=\"https:\/\/lescreatifs.ma\/proxynsnew\/wp-content\/uploads\/2025\/07\/5_baz_danych.png\" class=\"attachment-large size-large wp-image-11740\" alt=\"\" srcset=\"https:\/\/lescreatifs.ma\/proxynsnew\/wp-content\/uploads\/2025\/07\/5_baz_danych.png 402w, https:\/\/lescreatifs.ma\/proxynsnew\/wp-content\/uploads\/2025\/07\/5_baz_danych-300x238.png 300w\" sizes=\"(max-width: 402px) 100vw, 402px\" \/>\t\t\t\t\t\t\t\t\t\t\t\t\t\t\t<\/div>\n\t\t\t\t<\/div>\n\t\t\t\t<\/div>\n\t\t<div class=\"elementor-element elementor-element-91c474b e-con-full e-flex e-con e-child\" data-id=\"91c474b\" data-element_type=\"container\">\n\t\t\t\t<div class=\"elementor-element elementor-element-35b57d1 elementor-widget elementor-widget-text-editor\" data-id=\"35b57d1\" data-element_type=\"widget\" data-widget_type=\"text-editor.default\">\n\t\t\t\t<div class=\"elementor-widget-container\">\n\t\t\t\t\t\t\t\t\t<h2 class=\"tytul_h2_100_NO\" data-style=\"font-size: 28px; color: color: #333 width: 100%; text-align: left;\">Bases de\u00a0donn\u00e9es pour les dessiccateur de\u00a0s\u00e9rie X7<\/h2><div class=\"kontener_opisu_NO\" data-style=\"width:100%;display:flex;align-items:center;justify-content:center;\"><div class=\"opis_do_lewej_NO\" data-style=\"width:100%;text-align:left\"><div>Les dessiccateurs de\u00a0s\u00e9rie X7 poss\u00e8dent 8 bases de\u00a0donn\u00e9es qui forment le\u00a0syst\u00e8me d&#8217;information. Les bases de\u00a0donn\u00e9es permettent le\u00a0travail de\u00a0plusieurs d&#8217;op\u00e9rateurs avec la\u00a0base de\u00a0plusieurs produits. Les mesures collect\u00e9es dans les bases de\u00a0donn\u00e9es peuvent \u00eatre soumises aux analyses suivantes.<\/div><div>\u00a0<\/div><div><strong>Les donn\u00e9es sont enregistr\u00e9es dans 8 bases:<\/strong><\/div><ul><li><strong>Produits<\/strong>\u00a0(5 000 marchandises)<\/li><li><strong>Utilisateurs<\/strong>\u00a0(100\u00a0utilisateurs)<\/li><li><strong>Emballage<\/strong>\u00a0(100 colis)<\/li><li><strong>Clients<\/strong>\u00a0(1 000 clients)<\/li><li><strong>Programme\u00a0de s\u00e9chage<\/strong>\u00a0 (200\u00a0programmes)<\/li><li><strong>Rapports de\u00a0s\u00e9chage<\/strong>\u00a0(10 000 rapports)<\/li><li><strong>Conditions environnementales<\/strong>\u00a0(10 000\u00a0enregistrements)<\/li><li><strong>Pes\u00e9e<\/strong>\u00a0(50 000\u00a0enregistrements).<\/li><\/ul><\/div><\/div>\t\t\t\t\t\t\t\t<\/div>\n\t\t\t\t<\/div>\n\t\t\t\t<\/div>\n\t\t<div class=\"elementor-element elementor-element-d8b7a6f e-con-full e-flex e-con e-child\" data-id=\"d8b7a6f\" data-element_type=\"container\">\n\t\t\t\t<div class=\"elementor-element elementor-element-063113d elementor-widget elementor-widget-text-editor\" data-id=\"063113d\" data-element_type=\"widget\" data-widget_type=\"text-editor.default\">\n\t\t\t\t<div class=\"elementor-widget-container\">\n\t\t\t\t\t\t\t\t\t<h2 class=\"tytul_h2_100_NO\" data-style=\"font-size: 28px; color: color: #333 width: 271px;\">L&#8217;interface<\/h2><div class=\"kontener_opisu_NO\" data-style=\"width:100%;display:flex;align-items:center;justify-content:center;\"><div class=\"opis_do_lewej_NO\" data-style=\"width: 100%;\"><div>L&#8217;interface\u00a0<strong>USB<\/strong>\u00a0rend possible le\u00a0copiage et\u00a0la transmission vites des r\u00e9sultats de\u00a0travail (mesures, rapports, bases de\u00a0donn\u00e9es) vers l&#8217;ordinateur ou\u00a0d&#8217;autre dessiccateur. La\u00a0gestion de\u00a0donn\u00e9es est aussi possible au\u00a0mode on-line gr\u00e2ce \u00e0 l&#8217;acc\u00e8s \u00e0 distance \u00e0 la\u00a0balance et\u00a0ses bases de\u00a0donn\u00e9es.<br \/><br \/>La\u00a0coop\u00e9ration avec le\u00a0logiciel\u00a0<strong>E2R syst\u00e8me<\/strong>\u00a0rend possible la\u00a0gestion externe de\u00a0donn\u00e9es. Cela rend le\u00a0travail plus efficace.<\/div><\/div><\/div>\t\t\t\t\t\t\t\t<\/div>\n\t\t\t\t<\/div>\n\t\t\t\t<\/div>\n\t\t<div class=\"elementor-element elementor-element-82e4a0b e-con-full e-flex e-con e-child\" data-id=\"82e4a0b\" data-element_type=\"container\">\n\t\t\t\t<div class=\"elementor-element elementor-element-aecba85 elementor-widget elementor-widget-image\" data-id=\"aecba85\" data-element_type=\"widget\" data-widget_type=\"image.default\">\n\t\t\t\t<div class=\"elementor-widget-container\">\n\t\t\t\t\t\t\t\t\t\t\t\t\t\t\t<img decoding=\"async\" src=\"https:\/\/lescreatifs.ma\/proxynsnew\/wp-content\/uploads\/elementor\/thumbs\/interfejsMAx2-r95aec9zldgjc8v2kfzme6eps47u6bt0ltgg4bu874.png\" title=\"interfejsMAx2\" alt=\"interfejsMAx2\" loading=\"lazy\" \/>\t\t\t\t\t\t\t\t\t\t\t\t\t\t\t<\/div>\n\t\t\t\t<\/div>\n\t\t\t\t<\/div>\n\t\t\t\t\t<\/div>\n\t\t\t\t<\/div>\n\t\t<div class=\"elementor-element elementor-element-a5510a0 e-flex e-con-boxed e-con e-parent\" data-id=\"a5510a0\" data-element_type=\"container\">\n\t\t\t\t\t<div class=\"e-con-inner\">\n\t\t\t\t<div class=\"elementor-element elementor-element-ad94ba0 elementor-align-center elementor-widget elementor-widget-button\" data-id=\"ad94ba0\" data-element_type=\"widget\" data-widget_type=\"button.default\">\n\t\t\t\t<div class=\"elementor-widget-container\">\n\t\t\t\t\t\t\t\t\t<div class=\"elementor-button-wrapper\">\n\t\t\t\t\t<a class=\"elementor-button elementor-button-link elementor-size-sm\" href=\"https:\/\/lescreatifs.ma\/proxynsnew\/wp-content\/uploads\/2025\/07\/RADWAG_Data_Sheet_dessiccateur-ma-50-x7-ic-a.pdf\" target=\"_blank\">\n\t\t\t\t\t\t<span class=\"elementor-button-content-wrapper\">\n\t\t\t\t\t\t<span class=\"elementor-button-icon\">\n\t\t\t\t<svg aria-hidden=\"true\" class=\"e-font-icon-svg e-far-file-pdf\" viewBox=\"0 0 384 512\" xmlns=\"http:\/\/www.w3.org\/2000\/svg\"><path d=\"M369.9 97.9L286 14C277 5 264.8-.1 252.1-.1H48C21.5 0 0 21.5 0 48v416c0 26.5 21.5 48 48 48h288c26.5 0 48-21.5 48-48V131.9c0-12.7-5.1-25-14.1-34zM332.1 128H256V51.9l76.1 76.1zM48 464V48h160v104c0 13.3 10.7 24 24 24h104v288H48zm250.2-143.7c-12.2-12-47-8.7-64.4-6.5-17.2-10.5-28.7-25-36.8-46.3 3.9-16.1 10.1-40.6 5.4-56-4.2-26.2-37.8-23.6-42.6-5.9-4.4 16.1-.4 38.5 7 67.1-10 23.9-24.9 56-35.4 74.4-20 10.3-47 26.2-51 46.2-3.3 15.8 26 55.2 76.1-31.2 22.4-7.4 46.8-16.5 68.4-20.1 18.9 10.2 41 17 55.8 17 25.5 0 28-28.2 17.5-38.7zm-198.1 77.8c5.1-13.7 24.5-29.5 30.4-35-19 30.3-30.4 35.7-30.4 35zm81.6-190.6c7.4 0 6.7 32.1 1.8 40.8-4.4-13.9-4.3-40.8-1.8-40.8zm-24.4 136.6c9.7-16.9 18-37 24.7-54.7 8.3 15.1 18.9 27.2 30.1 35.5-20.8 4.3-38.9 13.1-54.8 19.2zm131.6-5s-5 6-37.3-7.8c35.1-2.6 40.9 5.4 37.3 7.8z\"><\/path><\/svg>\t\t\t<\/span>\n\t\t\t\t\t\t\t\t\t<span class=\"elementor-button-text\">Fiche technique <\/span>\n\t\t\t\t\t<\/span>\n\t\t\t\t\t<\/a>\n\t\t\t\t<\/div>\n\t\t\t\t\t\t\t\t<\/div>\n\t\t\t\t<\/div>\n\t\t\t\t\t<\/div>\n\t\t\t\t<\/div>\n\t\t\t\t<\/div>\n\t\t","protected":false},"excerpt":{"rendered":"<div class=\"kontener_niebieskiej_kreski_NO\" data-style=\"width:100%;display:flex;\">\n<div class=\"niebieska_kreska_NO\" data-style=\"width: 54px;height: 5px;background: #52A8FF 0% 0% no-repeat padding-box;margin: 30px auto;\">Le dessiccateur de<strong>\u00a0s\u00e9rie MA\u00a0X7.IC.A<\/strong>\u00a0est con\u00e7u pour l&#8217;analyse rapide de\u00a0l&#8217;humidit\u00e9, le\u00a0contenu de\u00a0masse s\u00e8che et\u00a0d&#8217;autres param\u00e8tres de\u00a0diff\u00e9rents \u00e9chantillons. Le\u00a0dessiccateur de\u00a0<strong>s\u00e9rie MA\u00a0X7.IC.A<\/strong>\u00a0est \u00e9quip\u00e9 de\u00a0l&#8217;\u00e9cran tactile en\u00a0couleurs qui est commode pour le\u00a0desservice. Les \u00e9l\u00e9ments programmables: les touches d&#8217;acc\u00e8s rapide (hot-Key), les champs d&#8217;informations et\u00a0les \u00e9tiquettes permettent la\u00a0libre configuration du\u00a0panel de\u00a0l&#8217;op\u00e9rateur. Le\u00a0processus de\u00a0s\u00e9chage peut \u00eatre r\u00e9alis\u00e9 dans n&#8217;importe quelle temp\u00e9rature ou\u00a0il peut \u00eatre li\u00e9 au\u00a0produit choisi gr\u00e2ce \u00e0 l&#8217;application des bases de\u00a0donn\u00e9es pr\u00e9sent\u00e9es au-dessou<\/div>\n<\/div>\n","protected":false},"featured_media":11734,"template":"","meta":[],"product_brand":[],"product_cat":[277,279],"product_tag":[],"class_list":{"0":"post-11733","1":"product","2":"type-product","3":"status-publish","4":"has-post-thumbnail","6":"product_cat-industrie-agroalimentaire","7":"product_cat-pesage-materiel-de-laboratoires","9":"first","10":"instock","11":"shipping-taxable","12":"purchasable","13":"product-type-simple","14":"add-to-wishlist-after_add_to_cart"},"_links":{"self":[{"href":"https:\/\/lescreatifs.ma\/proxynsnew\/wp-json\/wp\/v2\/product\/11733","targetHints":{"allow":["GET"]}}],"collection":[{"href":"https:\/\/lescreatifs.ma\/proxynsnew\/wp-json\/wp\/v2\/product"}],"about":[{"href":"https:\/\/lescreatifs.ma\/proxynsnew\/wp-json\/wp\/v2\/types\/product"}],"version-history":[{"count":7,"href":"https:\/\/lescreatifs.ma\/proxynsnew\/wp-json\/wp\/v2\/product\/11733\/revisions"}],"predecessor-version":[{"id":11755,"href":"https:\/\/lescreatifs.ma\/proxynsnew\/wp-json\/wp\/v2\/product\/11733\/revisions\/11755"}],"wp:featuredmedia":[{"embeddable":true,"href":"https:\/\/lescreatifs.ma\/proxynsnew\/wp-json\/wp\/v2\/media\/11734"}],"wp:attachment":[{"href":"https:\/\/lescreatifs.ma\/proxynsnew\/wp-json\/wp\/v2\/media?parent=11733"}],"wp:term":[{"taxonomy":"product_brand","embeddable":true,"href":"https:\/\/lescreatifs.ma\/proxynsnew\/wp-json\/wp\/v2\/product_brand?post=11733"},{"taxonomy":"product_cat","embeddable":true,"href":"https:\/\/lescreatifs.ma\/proxynsnew\/wp-json\/wp\/v2\/product_cat?post=11733"},{"taxonomy":"product_tag","embeddable":true,"href":"https:\/\/lescreatifs.ma\/proxynsnew\/wp-json\/wp\/v2\/product_tag?post=11733"}],"curies":[{"name":"wp","href":"https:\/\/api.w.org\/{rel}","templated":true}]}}